68790?
7
What is the hundred millions digit of 4441971361?
4
What is the ten thousands digit of 335580425?
8
What is the units digit of 4782673212?
2
What is the hundred thousands digit of 109251784?
2
What is the ten millions digit of 66136539?
6
What is the billions digit of 2781580216?
2
What is the thousands digit of 140432127?
2
What is the thousands digit of 4523034755?
4
What is the hundred thousands digit of 659126289?
1
What is the hundred thousands digit of 1909728706?
7
What is the millions digit of 323392960?
3
What is the millions digit of 130547791?
0
What is the tens digit of 76579355?
5
What is the hundreds digit of 283471926?
9
What is the ten thousands digit of 2777626338?
2
What is the hundred thousands digit of 2284381309?
3
What is the units digit of 65052999?
9
What is the ten thousands digit of 45237671?
3
What is the ten millions digit of 96481376?
9
What is the thousands digit of 554756716?
6
What is the tens digit of 173413966?
6
What is the ten thousands digit of 49020568?
2
What is the ten thousands digit of 4935829334?
2
What is the hundred millions digit of 797919865?
7
What is the hundred thousands digit of 2008942527?
9
What is the hundreds digit of 19292537?
5
What is the hundreds digit of 4388388381?
3
What is the ten thousands digit of 936677410?
7
What is the tens digit of 29726834?
3
What is the billions digit of 1093773852?
1
What is the thousands digit of 99453270?
3
What is the hundreds digit of 1227462101?
1
What is the ten thousands digit of 69997643?
9
What is the ten thousands digit of 6649063224?
6
What is the tens digit of 25847370?
7
What is the hundred thousands digit of 6139672?
1
What is the hundred millions digit of 3530293954?
5
What is the units digit of 255669288?
8
What is the hundred millions digit of 1310639110?
3
What is the hundred thousands digit of 122009987?
0
What is the ten thousands digit of 73796362?
9
What is the hundred thousands digit of 536848611?
8
What is the thousands digit of 5378567997?
7
What is the millions digit of 3695431352?
5
What is the hundred thousands digit of 4387966?
3
What is the hundred thousands digit of 25341403?
3
What is the thousands digit of 5886782?
6
What is the hundred millions digit of 248573778?
2
What is the ten millions digit of 1661336801?
6
What is the units digit of 73678976?
6
What is the tens digit of 219160631?
3
What is the ten millions digit of 77782148?
7
What is the hundred thousands digit of 1084103192?
1
What is the ten millions digit of 3690555680?
9
What is the thousands digit of 795835863?
5
What is the thousands digit of 1101065552?
5
What is the ten thousands digit of 2181623683?
2
What is the hundreds digit of 31421004?
0
What is the hundred thousands digit of 383269028?
2
What is the millions digit of 15489746?
5
What is the millions digit of 1302369256?
2
What is the tens digit of 17672726?
2
What is the ten thousands digit of 69515797?
1
What is the hundred thousands digit of 10870586?
8
What is the hundred millions digit of 734953052?
7
What is the ten millions digit of 118639758?
1
What is the hundreds digit of 12450083?
0
What is the thousands digit of 137712643?
2
What is the ten thousands digit of 24723706?
2
What is the tens digit of 275971136?
3
What is the ten thousands digit of 34472256?
7
What is the thousands digit of 764122425?
2
What is the tens digit of 450234959?
5
What is the units digit of 548768336?
6
What is the ten thousands digit of 3215208474?
0
What is the billions digit of 2348181396?
2
What is the hundred thousands digit of 78648875?
6
What is the hundred thousands digit of 1114286652?
2
What is the hundreds digit of 298305178?
1
What is the ten thousands digit of 23143901?
4
What is the hundred millions digit of 1989575794?
9
What is the thousands digit of 4709180237?
0
What is the ten millions digit of 5251496420?
5
What is the hundred millions digit of 6989358082?
9
What is the millions digit of 49872312?
9
What is the hundreds digit of 2955532772?
7
What is the thousands digit of 2239267040?
7
What is the thousands digit of 5068204953?
4
What is the hundred millions digit of 1966043824?
9
What is the units digit of 1158461180?
0
What is the hundreds digit of 5387237?
2
What is the units digit of 22735093?
3
What is the millions digit of 1083949502?
3
What is the ten millions digit of 200375514?
0
What is the ten millions digit of 3476153848?
7
What is the hundred thousands digit of 125441542?
4
What is the hundred thousands digit of 302937515?
9
What is the units digit of 1662845?
5
What is the hundred thousands digit of 834510898?
5
What is the hundreds digit of 15789612?
6
What is the tens digit of 297151074?
7
What is the tens digit of 344412324?
2
What is the ten thousands digit of 5930493411?
9
What is the tens digit of 198366096?
9
What is the millions digit of 4658558?
4
What is the hundreds digit of 631353618?
6
What is the tens digit of 499986558?
5
What is the hundreds digit of 365393714?
7
What is the ten thousands digit of 332958790?
5
What is the billions digit of 1239083350?
1
What is the thousands digit of 59555885?
5
What is the hundred thousands digit of 832895013?
8
What is the millions digit of 95915930?
5
What is the hundreds digit of 888444081?
0
What is the units digit of 1624502332?
2
What is the hundreds digit of 693761141?
1
What is the ten millions digit of 742600800?
4
What is the units digit of 4907377168?
8
What is the ten millions digit of 329306259?
2
What is the hundreds digit of 2506909753?
7
What is the ten thousands digit of 101036616?
3
What is the ten millions digit of 1480540867?
8
What is the ten thousands digit of 6514011?
1
What is the hundreds digit of 1192155245?
2
What is the ten thousands digit of 4085883885?
8
What is the tens digit of 1523862374?
7
What is the ten thousands digit of 745485819?
8
What is the hundreds digit of 606421135?
1
What is the millions digit of 1459488185?
9
What is the hundred thousands digit of 265134811?
1
What is the ten millions digit of 320740294?
2
What is the hundred millions digit of 3795505522?
7
What is the units digit of 3516341268?
8
What is the thousands digit of 56394834?
4
What is the units digit of 166838717?
7
What is the millions digit of 743539042?
3
What is the ten millions digit of 68254037?
6
What is the ten thousands digit of 621328295?
2
What is the millions digit of 1512129146?
2
What is the millions digit of 78201080?
8
What is the ten thousands digit of 33541043?
4
What is the hundred thousands digit of 34834630?
8
What is the hundreds digit of 58389912?
9
What is the tens digit of 55723791?
9
What is the tens digit of 20583665?
6
What is the millions digit of 170019208?
0
What is the thousands digit of 1918290953?
0
What is the tens digit of 1076616144?
4
What is the ten millions digit of 3137420958?
3
What is the units digit of 143789192?
2
What is the thousands digit of 769355928?
5
What is the hundreds digit of 213900946?
9
What is the units digit of 50350677?
7
What is the tens digit of 114067848?
4
What is the tens digit of 199856029?
2
What is the hundred millions digit of 724966385?
7
What is the hundreds digit of 102553798?
7
What is the hundred thousands digit of 304178655?
1
What is the billions digit of 2170611670?
2
What is the hundred millions digit of 1032650132?
0
What is the ten millions digit of 42505255?
4
What is the units digit of 278712304?
4
What is the thousands digit of 18809479?
9
What is the units digit of 41047897?
7
What is the tens digit of 51700808?
0
What is the hundreds digit of 398509039?
0
What is the hundreds digit of 3290349226?
2
What is the hundred millions digit of 100325049?
1
What is the thousands digit of 77738689?
8
What is the thousands digit of 195628510?
8
What is the thousands digit of 1707427609?
7
What is the units digit of 29245118?
8
What is the thousands digit of 276637782?
7
What is the hundreds digit of 24010629?
6
What is the units digit of 256699686?
6
What is the ten millions digit of 4067095728?
6
What is the tens digit of 4217554466?
6
What is the thousands digit of 96525265?
5
What is the ten millions digit of 54533156?
5
What is the units digit of 75804452?
2
What is the ten millions digit of 658833905?
5
What is the thousands digit